{"version":"1.0","provider_name":"Flashmode Magazine | Magazine de mode et style de vie Num\u00e9ro un en Tunisie et au Maghreb","provider_url":"https:\/\/flashmode.tn\/magazine","author_name":"PeopleLife","author_url":"https:\/\/flashmode.tn\/magazine\/author\/peoplelife\/","title":"Est-ce que la frange rajeunit ? - Flashmode Magazine | Magazine de mode et style de vie Num\u00e9ro un en Tunisie et au Maghreb","type":"rich","width":600,"height":338,"html":"<blockquote class=\"wp-embedded-content\" data-secret=\"s9sOV7U1J8\"><a href=\"https:\/\/flashmode.tn\/magazine\/est-ce-que-la-frange-rajeunit\/\">Est-ce que la frange rajeunit ?<\/a><\/blockquote><iframe sandbox=\"allow-scripts\" security=\"restricted\" src=\"https:\/\/flashmode.tn\/magazine\/est-ce-que-la-frange-rajeunit\/embed\/#?secret=s9sOV7U1J8\" width=\"600\" height=\"338\" title=\"\u00ab\u00a0Est-ce que la frange rajeunit ?\u00a0\u00bb &#8212; Flashmode Magazine | Magazine de mode et style de vie Num\u00e9ro un en Tunisie et au Maghreb\" data-secret=\"s9sOV7U1J8\" frameborder=\"0\" marginwidth=\"0\" marginheight=\"0\" scrolling=\"no\" class=\"wp-embedded-content\"><\/iframe><script type=\"text\/javascript\">\n\/* <![CDATA[ *\/\n\/*! This file is auto-generated *\/\n!function(d,l){\"use strict\";l.querySelector&&d.addEventListener&&\"undefined\"!=typeof URL&&(d.wp=d.wp||{},d.wp.receiveEmbedMessage||(d.wp.receiveEmbedMessage=function(e){var t=e.data;if((t||t.secret||t.message||t.value)&&!\/[^a-zA-Z0-9]\/.test(t.secret)){for(var s,r,n,a=l.querySelectorAll('iframe[data-secret=\"'+t.secret+'\"]'),o=l.querySelectorAll('blockquote[data-secret=\"'+t.secret+'\"]'),c=new RegExp(\"^https?:$\",\"i\"),i=0;i<o.length;i++)o[i].style.display=\"none\";for(i=0;i<a.length;i++)s=a[i],e.source===s.contentWindow&&(s.removeAttribute(\"style\"),\"height\"===t.message?(1e3<(r=parseInt(t.value,10))?r=1e3:~~r<200&&(r=200),s.height=r):\"link\"===t.message&&(r=new URL(s.getAttribute(\"src\")),n=new URL(t.value),c.test(n.protocol))&&n.host===r.host&&l.activeElement===s&&(d.top.location.href=t.value))}},d.addEventListener(\"message\",d.wp.receiveEmbedMessage,!1),l.addEventListener(\"DOMContentLoaded\",function(){for(var e,t,s=l.querySelectorAll(\"iframe.wp-embedded-content\"),r=0;r<s.length;r++)(t=(e=s[r]).getAttribute(\"data-secret\"))||(t=Math.random().toString(36).substring(2,12),e.src+=\"#?secret=\"+t,e.setAttribute(\"data-secret\",t)),e.contentWindow.postMessage({message:\"ready\",secret:t},\"*\")},!1)))}(window,document);\n\/* ]]> *\/\n<\/script>\n","description":"La frange est une v\u00e9ritable cure de rajeunissement. Non seulement elle masque les petites rides sur le front, mais elle d\u00e9tourne \u00e9galement le regard des petites imperfections, notamment sur le cou et le menton. Elle peut \u00eatre courte, longue, oblique ou droite, tout d\u00e9pend de la forme du visage."}

Flashmode Magazine | Magazine de mode et style de vie Numéro un en Tunisie et au Maghreb

Est-ce que la frange rajeunit ? - Flashmode Magazine | Magazine de mode et style de vie Numéro un en Tunisie et au Maghreb

<blockquote class="wp-embedded-content" data-secret="s9sOV7U1J8"><a href="https://flashmode.tn/magazine/est-ce-que-la-frange-rajeunit/">Est-ce que la frange rajeunit ?</a></blockquote><iframe sandbox="allow-scripts" security="restricted" src="https://flashmode.tn/magazine/est-ce-que-la-frange-rajeunit/embed/#?secret=s9sOV7U1J8" width="600" height="338" title="« Est-ce que la frange rajeunit ? » &#8212; Flashmode Magazine | Magazine de mode et style de vie Numéro un en Tunisie et au Maghreb" data-secret="s9sOV7U1J8" frameborder="0" marginwidth="0" marginheight="0" scrolling="no" class="wp-embedded-content"></iframe><script type="text/javascript">
/* <![CDATA[ */
/*! This file is auto-generated */
!function(d,l){"use strict";l.querySelector&&d.addEventListener&&"undefined"!=typeof URL&&(d.wp=d.wp||{},d.wp.receiveEmbedMessage||(d.wp.receiveEmbedMessage=function(e){var t=e.data;if((t||t.secret||t.message||t.value)&&!/[^a-zA-Z0-9]/.test(t.secret)){for(var s,r,n,a=l.querySelectorAll('iframe[data-secret="'+t.secret+'"]'),o=l.querySelectorAll('blockquote[data-secret="'+t.secret+'"]'),c=new RegExp("^https?:$","i"),i=0;i<o.length;i++)o[i].style.display="none";for(i=0;i<a.length;i++)s=a[i],e.source===s.contentWindow&&(s.removeAttribute("style"),"height"===t.message?(1e3<(r=parseInt(t.value,10))?r=1e3:~~r<200&&(r=200),s.height=r):"link"===t.message&&(r=new URL(s.getAttribute("src")),n=new URL(t.value),c.test(n.protocol))&&n.host===r.host&&l.activeElement===s&&(d.top.location.href=t.value))}},d.addEventListener("message",d.wp.receiveEmbedMessage,!1),l.addEventListener("DOMContentLoaded",function(){for(var e,t,s=l.querySelectorAll("iframe.wp-embedded-content"),r=0;r<s.length;r++)(t=(e=s[r]).getAttribute("data-secret"))||(t=Math.random().toString(36).substring(2,12),e.src+="#?secret="+t,e.setAttribute("data-secret",t)),e.contentWindow.postMessage({message:"ready",secret:t},"*")},!1)))}(window,document);
/* ]]> */
</script>

La frange est une véritable cure de rajeunissement. Non seulement elle masque les petites rides sur le front, mais elle détourne également le regard des petites imperfections, notamment sur le cou et le menton. Elle peut être courte, longue, oblique ou droite, tout dépend de la forme du visage.
